{"id":146,"date":"2020-12-18T16:08:27","date_gmt":"2020-12-18T16:08:27","guid":{"rendered":"http:\/\/200.17.171.5\/quimica\/?page_id=146"},"modified":"2021-03-15T14:51:21","modified_gmt":"2021-03-15T14:51:21","slug":"quimica-inorganica","status":"publish","type":"page","link":"http:\/\/quimica.caxias.ifrs.edu.br\/index.php\/quimica-inorganica\/","title":{"rendered":"Qu\u00edmica Anal\u00edtica e Inorg\u00e2nica"},"content":{"rendered":"\n<div style=\"height:45px\" aria-hidden=\"true\" class=\"wp-block-spacer\"><\/div>\n\n\n\n<p class=\"has-medium-font-size\">O Laborat&oacute;rio de Qu&iacute;mica Anal&iacute;tica e Inorg&acirc;nica tem como objetivo o atendimento &agrave; realiza&ccedil;&atilde;o de atividades pr&aacute;ticas educacionais e atua como um espa&ccedil;o para a realiza&ccedil;&atilde;o de a&ccedil;&otilde;es de ensino, pesquisa e extens&atilde;o da institui&ccedil;&atilde;o. Al&eacute;m disso, conta com equipamentos que permitem a realiza&ccedil;&atilde;o de atividades envolvendo conceitos f&iacute;sico-qu&iacute;micos, inorg&acirc;nicos e anal&iacute;ticos, bem como o exerc&iacute;cio dos demais conhecimentos da &aacute;rea.<br><br>Coordenadora: Alexandra de Souza Fonseca<\/p>\n\n\n\n<p class=\"has-medium-font-size\"><strong>Equipamentos<\/strong>:<\/p>\n\n\n\n<ul class=\"has-medium-font-size\"><li>estufas<\/li><li>condutiv&iacute;metros<\/li><li>jar test<\/li><li>balan&ccedil;as analiticas<\/li><li>peag&acirc;metros<\/li><li>rotaevaporadores<\/li><\/ul><div style=\"height:45px\" aria-hidden=\"true\" class=\"wp-block-spacer\"><\/div>\n","protected":false},"excerpt":{"rendered":"<p>O Laborat&oacute;rio de Qu&iacute;mica Anal&iacute;tica e Inorg&acirc;nica tem como objetivo o atendimento &agrave; realiza&ccedil;&atilde;o de atividades pr&aacute;ticas educacionais e atua como um espa&ccedil;o para a realiza&ccedil;&atilde;o de a&ccedil;&otilde;es de ensino,&hellip;<\/p>\n","protected":false},"author":1,"featured_media":0,"parent":0,"menu_order":0,"comment_status":"closed","ping_status":"closed","template":"","meta":[],"_links":{"self":[{"href":"http:\/\/quimica.caxias.ifrs.edu.br\/index.php\/wp-json\/wp\/v2\/pages\/146"}],"collection":[{"href":"http:\/\/quimica.caxias.ifrs.edu.br\/index.php\/wp-json\/wp\/v2\/pages"}],"about":[{"href":"http:\/\/quimica.caxias.ifrs.edu.br\/index.php\/wp-json\/wp\/v2\/types\/page"}],"author":[{"embeddable":true,"href":"http:\/\/quimica.caxias.ifrs.edu.br\/index.php\/wp-json\/wp\/v2\/users\/1"}],"replies":[{"embeddable":true,"href":"http:\/\/quimica.caxias.ifrs.edu.br\/index.php\/wp-json\/wp\/v2\/comments?post=146"}],"version-history":[{"count":4,"href":"http:\/\/quimica.caxias.ifrs.edu.br\/index.php\/wp-json\/wp\/v2\/pages\/146\/revisions"}],"predecessor-version":[{"id":217,"href":"http:\/\/quimica.caxias.ifrs.edu.br\/index.php\/wp-json\/wp\/v2\/pages\/146\/revisions\/217"}],"wp:attachment":[{"href":"http:\/\/quimica.caxias.ifrs.edu.br\/index.php\/wp-json\/wp\/v2\/media?parent=146"}],"curies":[{"name":"wp","href":"https:\/\/api.w.org\/{rel}","templated":true}]}}